72 and f?
36
Let q be (-92)/(-6) + (-1)/3. Suppose 3*g - 5*k + 0*k - 35 = 0, 1 = -3*g - 4*k. What is the greatest common divisor of g and q?
5
Suppose -1885 = -d - 5*t, -3*d + 2*t = 7*t - 5685. What is the greatest common factor of 100 and d?
100
Suppose -2645 = -3*j + 2*q, -14*q + 16*q = 4*j - 3530. Calculate the greatest common divisor of 15 and j.
15
Let f(v) = -2*v**3 - 19*v**2 - 12*v - 18. Let c be f(-9). Calculate the greatest common factor of c and 243.
9
Suppose -60 = -y + 93. Calculate the highest common factor of 9 and y.
9
Suppose -k + 2 = -0. Suppose -k*f + 2*w + 9 + 5 = 0, 4*f - 2*w = 24. Suppose 2*b = 2, -f*o - 6*b + 2*b = -129. Calculate the greatest common divisor of o and 5.
5
Suppose 0 = -5*d + d. Suppose -y + d*v = 4*v + 2, 4*v - 8 = -2*y. Let f be (30 - y) + -4 + 2. What is the highest common factor of f and 2?
2
Let b be (3 + (-25)/20)*80. Calculate the greatest common factor of b and 28.
28
Let d be (1026/45)/((-5)/(75/(-6))). Suppose -2*w = w + 3*o - 111, -5*w - 3*o + 187 = 0. What is the greatest common divisor of w and d?
19
Let n = 299 + -223. Calculate the highest common divisor of 114 and n.
38
Let f be (-2)/(-12) - 658/(-12). Suppose -5*w - 4*c = -21, -c = 4*w - 2*c - 21. Calculate the greatest common divisor of f and w.
5
Let o be (-36)/(3/(42/(-1 + -2))). Calculate the greatest common divisor of o and 48.
24
Let j = 10 + 13. Suppose -37 = -5*x + j. Let u be (-3)/(-2) + 522/4. Calculate the greatest common divisor of u and x.
12
Let s(l) = 3*l**3 - l + 3. Let y be s(3). Let a be 51/(-12) - 2/(-8) - -13. Calculate the highest common factor of a and y.
9
Let t be (9/(-12))/(2/(-8)). Suppose 4*r - 11 = -t. Let g(a) = 3*a**3 - a**2 + 2. Let s be g(2). What is the highest common divisor of r and s?
2
Let t be 5*2646/560*8. Let y = 48 - 27. Calculate the greatest common factor of t and y.
21
Suppose g = -0*g - 4*q + 232, 0 = 2*g - 5*q - 438. What is the greatest common divisor of 48 and g?
16
Suppose h - 2*h + 6 = -o, -2*h + 32 = 3*o. Let r = -9 - -13. Suppose -12 = r*n, 0 = 3*i - 0*n + 3*n - 111. Calculate the greatest common divisor of i and h.
10
Let j = -257 - -261. Calculate the greatest common factor of j and 16.
4
Let i(q) = 20*q**2 - 22*q - 46. Let o be i(-2). What is the greatest common factor of 12 and o?
6
Let w(a) = 6*a - 10. Let l be w(-8). Let i = -40 - l. Calculate the greatest common divisor of i and 9.
9
Let n be (5850/105)/(2/((-56)/(-6))). What is the highest common factor of 585 and n?
65
Let n = 134 - 24. Suppose -9*s + 11*s - 44 = 0. What is the highest common factor of n and s?
22
Let x be (-7)/(0 - -7) + (-309)/(-1). What is the greatest common factor of x and 56?
28
Let u be 34/(-1)*(-1)/2. Suppose 4*h + 5*j - 179 = 390, 0 = -3*h - 4*j + 428. What is the greatest common divisor of h and u?
17
Suppose -11*a = -10*a - 126. Let b be (1 + -1)*1/(-2). Suppose 0 = -5*q + x - b*x + 70, -5*q + 70 = -5*x. What is the greatest common divisor of a and q?
14
Let u(y) = y**3 + 3*y + 1 - 4*y - 2*y**2 + 2*y. Let a be u(2). What is the greatest common factor of 1 and a?
1
Let x(i) = 4*i**2 - 9*i - 4*i**2 - 4*i + 2*i**2. Let h be x(7). What is the highest common factor of 7 and h?
7
Let b be (((-192)/36)/(-16))/((-2)/(-414)). What is the highest common factor of 69 and b?
69
Suppose s - 3*s = a - 135, a = s - 60. What is the highest common divisor of 39 and s?
13
Let g = 0 - -4. Suppose -3*d = g*c - 6, 2*d - 17 = -3*c + 6*d. Suppose a = 4*t - 117, 5*t - a - 138 = c*a. Calculate the greatest common divisor of 6 and t.
6
Suppose 58*s = 93*s - 1610. What is the highest common factor of 115 and s?
23
Let x = 13 - 8. Suppose -q + 66 = -x*k, 3*k = -5*q + 4*k + 282. Let f = -686 - -700. Calculate the greatest common factor of f and q.
14
Suppose 2*v - 7*f - 78 + 25 = 0, -3*v = 4*f - 36. Let b(q) = -q**3 - q**2 - q + 2. Let w be b(0). Calculate the highest common factor of w and v.
2
Suppose a = 3*c - 861 - 1015, -5*a - 1255 = -2*c. What is the greatest common divisor of c and 25?
25
Let t = -105 - -170. Let j = 172 + -118. Suppose -3*i - 3*x = -j, 0 = -i - 2*x - 0*x + 23. What is the greatest common divisor of i and t?
13
Suppose -5*g + j + 159 = 0, g + 2*j = -3*g + 130. Suppose 67 = 4*u - d, 3*u + 4*d = 33 + 3. What is the highest common factor of u and g?
16
Let f be (10/4)/(5/(-60)). Let x be (f/24)/(1/(-4)). Let q be 141/x - (-6)/(-30). Calculate the highest common divisor of q and 14.
14
Suppose 45*f - 1680 = 3*f. Let u(o) = -o**3 - o**2 - o - 5. Let b be u(-5). Calculate the greatest common factor of b and f.
20
Suppose 51 = l - 5*v, -5*v = -4*l - 10*v + 129. Calculate the highest common factor of l and 48.
12
Let f(t) = t**3 - 6*t**2 - 7*t + 2. Let z be f(7). Suppose 4*u - 2 = z. What is the highest common divisor of u and 4?
1
Suppose -y - 56 = -0*j - 5*j, 0 = j + 3*y - 8. Suppose -j = -3*m + 13. Suppose -3*g = -m*g + 20. Calculate the highest common factor of g and 28.
4
Let a = -8 + 13. Let o(i) = i**3 - 4*i**2 - 4*i - 6. Let f be o(a). Let y = 5 + f. Calculate the highest common divisor of 28 and y.
4
Let v be 238/5 - (-6)/15. Let x be (180/(-21))/(4/(-56)). What is the greatest common factor of x and v?
24
Let k = -190 - -290. Let z(q) = -12 + 29 - 3*q - 4*q - q**2 + q. Let d be z(-7). Calculate the highest common divisor of k and d.
10
Let m(y) = 33*y + 207. Let i be m(-6). Calculate the highest common divisor of 6 and i.
3
Let m be 4*(-16)/12*-3. Suppose -39 = -5*r + m. What is the greatest common divisor of r and 55?
11
Let b(d) = 2*d**3 - 14*d**2 - 13*d + 26. Let o be b(8). What is the greatest common divisor of o and 100?
50
Suppose -30*i - 33*i + 1674 = -i. Let n(m) = 13*m + 3. Let d be n(6). Calculate the highest common factor of d and i.
27
Suppose 644 = 24*d - 916. Calculate the highest common factor of 10 and d.
5
Let y be 3/(2748/2730 + -1). Calculate the highest common divisor of 175 and y.
35
Let k = -173 + 213. What is the greatest common divisor of k and 20?
20
Let i = 4 - -23. Suppose -11*h + i = -2*h. Calculate the greatest common factor of h and 15.
3
Suppose 0 = -4*c + 2*k + 360, -3*k - 9 - 3 = 0. Let m = -1665 - -1687. Calculate the greatest common factor of c and m.
22
Suppose 98*r - 95*r - 66 = 0. Calculate the highest common factor of 99 and r.
11
Let k(a) = 12*a**2 - 51*a - 276. Let x be k(-6). Calculate the greatest common factor of 99 and x.
33
Suppose 170*t + 1712 = 174*t. Calculate the greatest common factor of 4 and t.
4
Suppose -3*o = 2*o - 375. Let n(u) = -u**2 - 5*u + 99. Let s be n(7). Calculate the highest common factor of o and s.
15
Let f = -45 - -69. Let h = f - 16. Let c be 503/4 + 2/h. What is the greatest common factor of c and 14?
14
Let m = 35 + 7. Suppose -5*l - 13*q = -99, q + 46 + 11 = 5*l. Calculate the highest common factor of m and l.
6
Suppose -5*d = -15, -20*x + 15*x + 224 = -2*d. What is the greatest common factor of x and 299?
23
Suppose 2*l + 2*d + 8 = 0, 0 = -4*l - 6*d + 5*d - 28. Let k = 1521 - 1013. Let b be 1/(-2) - k/l. What is the greatest common divisor of b and 42?
21
Suppose 4*g - 14 = 6*g. Let b be 5 + -1 + g + 107. Suppose -2*j + 5*j - 39 = 2*a, 0 = 3*a. Calculate the highest common factor of b and j.
13
Let u(q) = -q**3 - 17*q**2 + 16*q + 8. Let d be u(-18). Suppose -6 = -3*s, -t = 4*t - 3*s - 9. Let j = 7 - t. What is the greatest common divisor of d and j?
4
Suppose -q = -432 - 734. Calculate the greatest common divisor of q and 44.
22
Let q = 13 - 0. Suppose 3*d = -4*y + 4, 5*d - 18 = 2. Let a = q - y. What is the highest common divisor of a and 6?
3
Let c = -341 - -406. Let t(b) = b + 1. Let r be t(5). Suppose -x = -2*u + 54, x - 10 = r*x. Calculate the greatest common factor of c and u.
13
Let u be (-2)/1 + (-3 - (0 + -96)). Calculate the highest common factor of 117 and u.
13
Suppose -11*w - 91*w = -1938. Calculate the highest common factor of w and 1121.
19
Let t = 65 + -5. Calculate the highest common factor of 15 and t.
15
Let q(t) = t + 40. Let i be q(-35). Let l = 8 + 47. What is the highest common factor of l and i?
5
Let w(q) = -2*q. Let f(g) = -6*g. Let v(y) = 5*f(y) - 16*w(y). Let s be v(1). Suppose 140 = s*r + 3*r. What is the highest common factor of 7 and r?
7
Let f(i) = -i**3 - 2*i**2 + 12*i - 8. Let y be f(-5). Calcula